te the remainder when w(5) is divided by m.
8
Let c = 8 + 8. Suppose 4*v + 1 - 5 = 0. Suppose 234 + v = 5*h. What is the remainder when h is divided by c?
15
Let b(q) = 25*q**2 - 9*q - 8. Calculate the remainder when 103 is divided by b(-1).
25
Calculate the remainder when (0 + 1)/((-2)/(-122)) is divided by 31.
30
Let k = 361 + -358. Calculate the remainder when 3 + (0/1 - -1) is divided by k.
1
Suppose 0 = 2*i - d - 1 + 2, 0 = -5*i + 5*d - 15. Suppose -3*o - r = i*o - 284, 2*r - 8 = 0. Calculate the remainder when o is divided by 19.
18
Let a(m) = -m**2 + 4*m + 1. Let g be a(4). Let i(c) = 3*c**3 + c**2 - 2*c + 1. Suppose 0 = 50*y - 48*y - 8. Calculate the remainder when y is divided by i(g).
1
Suppose 2*t - 1 - 34 = -3*k, -5*k + 80 = 5*t. Let m = 14 - t. Calculate the remainder when 2 is divided by m.
0
Suppose 157 - 32 = -5*j. Calculate the remainder when (-64)/(-5) + (-5)/j is divided by 5.
3
Let i(j) = -j - 2. Let m be i(-4). Suppose 0 = -6*o + m*o + 28. Calculate the remainder when 32 is divided by o.
4
Let i = 2 - 1. Calculate the remainder when ((-2)/4)/(1/(-2)) is divided by i.
0
Let h(u) = 8*u - 1. Let c(n) = -n - 1. Let q be c(-3). Let m be h(q). Let t = 21 - m. Calculate the remainder when 16 is divided by t.
4
Suppose -1 + 13 = 3*a. Suppose 0*z = -5*g + 3*z + 225, -2*z = 5*g - 250. What is the remainder when g is divided by (-2)/a - (-51)/2?
23
Let i = -27 + 8. Calculate the remainder when 4/(-6) - 53/(-3) is divided by i/(-3) - 5/15.
5
Calculate the remainder when 40 is divided by -2*(38/(-4) + 2).
10
Suppose 2*m = 7*m - 35. Suppose -v + 12 = -m. What is the remainder when v is divided by 10?
9
Let d = 110 + -98. Suppose -4*t - 9 + 38 = f, -f + 2*t = -53. Calculate the remainder when f is divided by d.
9
Calculate the remainder when 122 is divided by (4 - (5 + -2) - -1) + 29.
29
Suppose 0 = -10*o + 7*o + 18. Calculate the remainder when 7 is divided by o.
1
Let a(s) = -22*s. Calculate the remainder when a(-2) is divided by 12.
8
Let x(g) = -g**2 - 7*g + 1. Suppose -3*b - 3*m = b + 7, -5*m = -3*b + 2. Let q(c) = 4*c - 1. Let t be q(b). Calculate the remainder when 21 is divided by x(t).
10
Let x(j) = 5*j**2 + 9*j + 12. Calculate the remainder when x(-2) is divided by 5.
4
Let a(n) = n - 4 + 6*n + 4*n - n. Suppose 79 = 4*i + 23. Calculate the remainder when a(3) is divided by i.
12
Let o(a) = 4*a**2 - a - 1. Suppose 0*d + 3 = -3*d - 4*p, 3 = -3*d - p. What is the remainder when 11 is divided by o(d)?
3
Let x(p) = 4*p - 62. What is the remainder when x(21) is divided by 12?
10
What is the remainder when -3*12*4/(-8) is divided by 3/((-3)/2)*-5?
8
Let p = 7 - 12. Let y(v) = v**3 + 3*v - 7 + 5*v**2 - v + v**2. What is the remainder when y(p) is divided by 3?
2
Let x(i) = -i + 5. Let t be x(5). Suppose t*v - 46 = -v. What is the remainder when v is divided by 24?
22
Suppose z = -z - 6. Let a = z + 3. Suppose -2*h - 3*l = -a*h - 37, 4*l - 57 = -3*h. What is the remainder when h is divided by 8?
7
Suppose j = -3*f + 17, -j = j + 3*f - 22. Calculate the remainder when 22 is divided by j.
2
Calculate the remainder when 146 is divided by -7*(88/(-24) - 6/(-9)).
20
Let l = -43 - -154. Suppose 0*m - 3*m + l = 0. What is the remainder when m is divided by 19?
18
Let s(u) = -u**2 - 6*u - 3. Calculate the remainder when 2*(3/(-1))/((-15)/10) is divided by s(-5).
0
Suppose -4*w + 5*h = -w - 15, 11 = 2*w - 3*h. Suppose -24 = -q + u - 4*u, -2*u = -2*q + 32. What is the remainder when q is divided by w?
8
Let c = 159 - 154. What is the remainder when 109 is divided by c?
4
Let c be (-1)/((-2)/(-1))*18. Let d(r) = r**2 + 7*r - 12. Let j be d(c). What is the remainder when 13 is divided by (-47)/(-7) - j/(-21)?
6
Let n = 9 - -16. What is the remainder when 49 is divided by n?
24
Let j(v) = -v**3 - 15*v**2 + 46*v + 43. Calculate the remainder when j(-18) is divided by 38.
35
Suppose 0 = -2*a + a + 14. Let y = -9 + a. Suppose -4*g = 1 - y, -s + 33 = 5*g. Calculate the remainder when s is divided by 15.
13
Let x be 92/(-6)*6/(-4). Suppose -5*q - 4*n + x + 62 = 0, 12 = -q + 5*n. What is the remainder when q is divided by 7?
6
Let l = 117 - 54. Calculate the remainder when l is divided by 19.
6
Let g(r) = -r**3 + 10*r**2 - 10*r - 1. Let j be g(9). Let f = j - -26. Calculate the remainder when 45 is divided by -3 + 4 + f - 1.
13
Suppose 3*w - 15 = -2*w. Let o(h) = -h**3 + w*h + 1 - 5*h - 3*h**2 - 5. What is the remainder when o(-4) is divided by 7?
6
Suppose s - 2*o = -5, 2*o + 0 - 3 = 3*s. What is the remainder when s is divided by 1?
0
Let b = 2 + 14. Suppose l = 3*l - 2*z - 8, -16 = -4*l - 3*z. Suppose -55 = -l*u + 129. Calculate the remainder when u is divided by b.
14
Let b(g) be the third derivative of g**4/24 + 3*g**3/2 + 3*g**2. Calculate the remainder when b(0) is divided by 3.
0
What is the remainder when 49 is divided by 4/3 + (-350)/(-21)?
13
Suppose 2*j + 38 = 5*f + 4*j, -f + j + 9 = 0. Let m be 92/2 - (1 - 1). Suppose -3*u = -u - m. Calculate the remainder when u is divided by f.
7
Calculate the remainder when 53 is divided by 1*6 - 4*(-3)/6.
5
Let r = 171 + -41. Let c = 187 - r. What is the remainder when c is divided by 15?
12
Let i(l) = 7*l + 1 - 1. Let d = -6 + 8. What is the remainder when 41 is divided by i(d)?
13
Let y = 0 + 3. Suppose -2*c - 38 = -2*m + 3*c, m + y*c = 8. Suppose 37 + m = 3*x. Calculate the remainder when x is divided by 9.
8
Let h = 17 - 11. Calculate the remainder when (-852)/(-54) + 2/9 is divided by h.
4
Suppose -79 = t + 5*y, 0 = -2*t - 4*y + y - 165. Let c = t + 125. Let k = c - 24. Calculate the remainder when k is divided by 9.
8
Suppose -14 = 3*o - 5*o. Calculate the remainder when o is divided by 5.
2
Suppose -o - 21 = -4*x, 3*x + 4*o + 4 = -4. Calculate the remainder when -66*(-2)/(x + -2) is divided by 17.
15
Let v(i) = i - 3. Let w be v(6). Suppose 5 = p - w. Calculate the remainder when 84/3 + 0 + 1 is divided by p.
5
Let o(z) = -z**3 + 14*z**2 - 8*z + 22. What is the remainder when o(13) is divided by 23?
18
Let h(i) = -6*i - 5. Let r = -6 - -16. Calculate the remainder when h(-4) is divided by r.
9
Let v(j) = j**2 + 3*j + 3. Let g be v(-3). Suppose -p + g*x + 15 = 0, -5 - 3 = 2*x. What is the remainder when 3 is divided by p?
0
Suppose 2*v + 4 = 3*v. Suppose -5*c + v*d + 44 = 6, -5*d + 15 = 0. Suppose 12*f + 54 = 15*f. Calculate the remainder when f is divided by c.
8
Let x(s) = -s**3 + 3*s**2 + 2*s - 1. Let b be x(3). Suppose -2*h + 0*u + 7 = u, -4*h + 21 = -b*u. Calculate the remainder when 11 is divided by h.
3
Let c = -2 - -5. Calculate the remainder when (59 - -8) + 1*c is divided by 18.
16
Let h be 194/2 - -3*1. Let p = h - 59. Let d(u) = 13*u**2 + 1. What is the remainder when p is divided by d(-1)?
13
Let f = 24 + -14. Let l(s) = 22*s**2 + 6*s - 7. Let w(x) = 23*x**2 + 5*x - 6. Let q(n) = -6*l(n) + 7*w(n). What is the remainder when q(1) is divided by f?
8
Suppose 9 - 27 = -2*x. Calculate the remainder when (0 - (0 - 1))*35 is divided by x.
8
Let i be 6 + (-3)/((-6)/(-4)). Suppose -i*p - 104 = -0. What is the remainder when 23 is divided by ((-2)/2)/(2/p)?
10
Suppose 0 = b + 3, 3*p - 5*b = 6*p - 48. Calculate the remainder when 62 is divided by p.
20
Let c = -13 - -18. Suppose -c*a = -2*a + 3. Calculate the remainder when ((1 - -2)*-1)/a is divided by 2.
1
Suppose 0 = r - 7*r + 60. Calculate the remainder when r is divided by 6.
4
Calculate the remainder when (-119)/(-2) + 0 + 3/(-2) is divided by 12.
10
Let y = -5 - -18. Calculate the remainder when 50 is divided by y.
11
Suppose a - 3*z = z + 8, -3*a + 4*z = -56. Suppose -a - 16 = -2*o. Suppose 2*s = -44 + 120. What is the remainder when s is divided by o?
18
Suppose -w - w - 109 = -5*b, 0 = b - 3*w - 27. Suppose 4*t - 96 = 4*j, 2*t - 5*j = b + 39. Calculate the remainder when -4 + 2 + 2 + 39 is divided by t.
19
Suppose i + 3*i + t = 289, 2*t = 3*i - 203. Calculate the remainder when i is divided by 18.
17
Let x = -52 - -119. Let v(y) = 5*y - 2. What is the remainder when x is divided by v(5)?
21
Let u(m) = -m**3 - 2*m**2 + 2*m + 3. Let l(z) = -15*z**3 + 2*z**2 + 2*z + 1. What is the remainder when l(-1) is divided by u(-3)?
4
Suppose -30 = -2*b - 3*b. Suppose 6*d - b = 4*d. Suppose -2*z - 2*t = 3*z - 69, 0 = 2*z - d*t - 39. Calculate the